(p) = o(p) + 5*w(p). What is b(-4)?
-35
Let h(p) be the second derivative of p**4/12 - 5*p**3/3 - 8*p**2 + 24*p - 1. Determine h(11).
-5
Let s(k) = k**3 - 6*k**2 + 4*k + 3. Let q be s(5). Let a(l) be the second derivative of 13*l + 0*l**3 - 1/6*l**4 + 0*l**2 + 0. Give a(q).
-8
Let t = -1406 + 1410. Let v(z) = 3*z - 1. Calculate v(t).
11
Let v(p) = 35*p + 2. Suppose -14*x + 5*o + 20 = -9*x, 11 = -4*x - 5*o. Give v(x).
37
Let p(u) be the third derivative of u**7/5040 + u**6/180 + 7*u**5/60 + 17*u**2. Let z(b) be the third derivative of p(b). What is z(0)?
4
Let j(m) = -2*m - m + m**2 + 1 + 2 + 2. Suppose 10*a + 48 = 22*a. What is j(a)?
9
Let y(o) = o**3 - 7*o**2 + o + 6. Let m = 194 - 187. Determine y(m).
13
Let p(k) = -k**2 - 4*k + 8. Let d be p(-6). Let y(j) be the first derivative of -j + 4 + 1/3*j**3 + 2*j**2. Determine y(d).
-1
Let f(r) = r**3 + 9*r**2 + 7*r - 4. Suppose 20 = 5*q, -4*m + 0*m + 2*q = 40. Calculate f(m).
4
Let v = 8 + -6. Suppose t = -3*p - v*t + 21, 3*p = -5*t + 27. Let n(u) be the second derivative of -2*u**3/3 + 3*u**2 + 6*u - 6. Calculate n(p).
-10
Let q = -50 - -52. Let m(j) be the third derivative of -j**6/720 + j**5/30 + j**4/24 - 2*j**2. Let g(y) be the second derivative of m(y). Calculate g(q).
2
Let w(r) = -69*r**2 - 8*r + 0*r**3 + r**3 + 52*r**2 + 23*r**2. Determine w(-7).
7
Let q(o) be the first derivative of 3*o**4 - 2*o**3/3 - o**2/2 + 2. Determine q(-1).
-13
Suppose 4*f = 4*m, 0 = 3*f - 4*m + 2 + 3. Let g(k) = -k - 8. Give g(f).
-13
Let p(l) = l**3 - 6*l**2 + 3*l + 6. Let g = 12 - 14. Let s = 0 + g. Let o be (-6)/s + (6 - 4). Give p(o).
-4
Let s(b) be the first derivative of -b**4/4 - b**3/3 + 3*b**2/2 - b + 142. Calculate s(-3).
8
Let r(n) = 3 + 8*n**2 + 20*n**3 - 40*n + 30*n - 19*n**3. What is r(-9)?
12
Let v(o) = 2*o. Let u be ((-2)/(-4)*(33 + 11))/(-2). Determine v(u).
-22
Let u(j) = -2*j + 10*j - 19*j + 14*j + 1. What is u(-1)?
-2
Let w(t) = 3*t**2 - 197*t - 70. Let y be w(66). Let l(i) = -3*i - 2. Let d(b) = -b. Let s(u) = 4*d(u) - l(u). Determine s(y).
6
Let o(w) be the second derivative of -w**5/20 - 5*w**4/12 + 4*w**3/3 + 9*w**2/2 - w + 78. Let r(p) = p**3 - 5*p**2 + 3*p - 2. Let d be r(4). Give o(d).
-3
Let k = -4 - 11. Let b be (-1)/2 + k/(-6). Let s(a) = 10*a**2 + 6*a - 11. Let c(v) = -22*v**2 - 13*v + 24. Let j(y) = -6*c(y) - 13*s(y). Calculate j(b).
7
Let d(z) be the second derivative of 0 + 0*z**2 + 2*z + 0*z**5 + 0*z**3 + 1/840*z**7 + 1/4*z**4 + 0*z**6. Let u(y) be the third derivative of d(y). Give u(-1).
3
Let o(p) = -p + 5. Let d = 153 - 150. Suppose 5*m - 43 = -3*y, 2*y - 5*m = -d*m + 2. Determine o(y).
-1
Let t(c) = -2*c - 1. Let i(l) = -1. Let r(w) = 2*i(w) - t(w). Let q be ((-3)/(-3))/((-3)/15). Let v(m) = m**2 + 4*m. Let s be v(q). Calculate r(s).
9
Let g(u) = u + 2. Let f = 20 - 4. Suppose -f = -4*l - 0. Let k be 2 + 1/(2/l). Determine g(k).
6
Let t(l) = l - 5. Let g = -63 + 105. Suppose 4*b = -5*v + g, 2*b - 18 = 5*v - 7*v. Give t(v).
1
Let j(x) be the first derivative of -7 - 1/24*x**4 + 0*x + 1/60*x**5 - 1/2*x**3 + 5/2*x**2. Let s(h) be the second derivative of j(h). What is s(-4)?
17
Suppose -28 = 6*v - 76. Let c(g) be the second derivative of -g**4/12 + 4*g**3/3 - 7*g**2/2 - 31*g. Give c(v).
-7
Let p(c) = -2*c**2 + c. Let m(y) = -11*y**2 + 11*y - 6. Let f(a) = -m(a) + 5*p(a). What is f(7)?
13
Let x(y) = -2*y + 15. Let l be 1/(5/(-20)) + 11. What is x(l)?
1
Suppose 5*f + 239 - 234 = 0. Let p(h) = -h - 3. Determine p(f).
-2
Let f(k) = -3*k + 4. Let i(o) = -o + 1. Let l be (-9)/(-6) - 6/(-12). Let q(p) = l*i(p) - f(p). What is q(6)?
4
Let d(w) = -2*w**3 - 4*w**2 - 4*w - 3. Let g = -240 + 237. Calculate d(g).
27
Let c = 11 - 2. Let d(w) = 0 + w**2 - w + 4 + 3*w - c. Let u = -1 - 3. What is d(u)?
3
Let w(s) = -5*s - 4. Let y(f) = 11*f + 7. Let c(r) = 9*w(r) + 4*y(r). Let u be c(-6). Let i be 0/(1 - (-3 - u)). Let m(j) = j**2 + 2. Give m(i).
2
Suppose j - n = 5, 11 = 4*j - 0*n - n. Suppose -3*m - 12 = 4*t, 8 = t - 0*t - 2*m. Let y be (j/6*t)/1. Let o(q) = q**2 - q - 1. Calculate o(y).
-1
Suppose 38*k = 301 - 73. Let b(g) = 0 - 7 + 0*g + g - 5*g + g**2. Give b(k).
5
Let s(d) = -7*d**3 - 9*d**2 - 22*d - 11. Let b(l) = 5*l**3 + 10*l**2 + 22*l + 12. Let a(i) = -3*b(i) - 2*s(i). Give a(-10).
6
Let k(l) be the second derivative of l**5/20 - l**4/3 - 2*l**3 - 5*l**2/2 + 120*l. Determine k(6).
-5
Suppose -2*i = i - 12. Let k(v) = -4375*v**2 + 2191*v**2 + 3 + 2183*v**2 + 0 - v. Determine k(i).
-17
Let t = 8 + 0. Suppose 33 = 11*n - t*n. Let s(k) = 11 - k - n. What is s(0)?
0
Let l(k) = -k**3 + k**2 - k + 12. Let m be (5 - 4)*(1 - -1 - 2). Give l(m).
12
Let f(y) = 4*y**2 + 3*y - 5. Let k(d) = 123*d - 1 - 123*d + d**2. Let q(n) = -2*f(n) + 6*k(n). Determine q(-5).
-16
Let o(m) = -3*m**2 + 0*m**2 + 4*m + 15 - 2*m + 2*m**2. Let h(p) = -3*p**2 + 7*p + 46. Let i(l) = -2*h(l) + 7*o(l). Determine i(0).
13
Suppose -1 = 2*i + 7. Let n(h) be the second derivative of 2*h + 5/6*h**3 + 5/2*h**2 + 0 + 1/12*h**4. What is n(i)?
1
Let z(f) be the first derivative of -25 - 2*f**2 + 0*f - 1/3*f**3. Determine z(-4).
0
Let b = 5 - 4. Let m(o) = 1 + b - 4*o**2 + 5*o**2 - 1. Suppose -3*j + 2 = -4. Determine m(j).
5
Let k(s) = 2*s**2 - 14*s - 12. Let x be k(8). Let y be -2 - (6 - (1 - (-3 + x))). Let w(a) = -2*a - 8. What is w(y)?
8
Let y(r) = -3*r - 7. Suppose 176 = -2*g + 6*g. Let m be 63/(-105) - g/10. Calculate y(m).
8
Suppose -23*a = 9*a + 128. Let v(j) = j**3 + 3*j**2 - j - 5. Determine v(a).
-17
Let y(c) = -c - 8. Let f(t) = -t**3 - 10*t**2 - 8*t + 16. Let d be f(-9). Determine y(d).
-15
Let t(a) = 4*a**2 - 3*a + 2. Let w be t(1). Let o(v) = -3*v**2 + v**w - v**2 + 5 - 7*v + 4*v. Give o(4).
-7
Let x = -32 - -38. Let g(r) = -11*r - x*r + 0*r. Give g(1).
-17
Let w(y) = 8*y + 11. Let n(l) be the third derivative of -7/24*l**4 + 5*l**2 + 0*l - 5/3*l**3 + 0. Let i(u) = -7*n(u) - 6*w(u). Give i(5).
9
Let g(j) be the third derivative of -j**5/60 + j**4/24 - j**3/6 + 7*j**2 + 36. Determine g(3).
-7
Let w = -194 + 182. Let h(b) = b**2 + 14*b + 18. Give h(w).
-6
Let c(g) be the third derivative of 3*g**4/8 + g**2 + 64. Give c(2).
18
Let c(x) = 4*x + 3*x**2 + 0*x**2 + 2*x**2 - 4 - 3*x**3 + x**2 + 2*x**3. Give c(3).
35
Suppose -8*f = -2*f - 48. Suppose 0 = -3*z - 5*o + 10, 0 = 3*z + 3*o + 2 - f. Let v be (-3 - z)*(-5)/(-15). Let d(w) = 5*w**3 - w**2 + w + 1. Determine d(v).
-6
Let v(y) = 3*y**2 - 14*y - 3. Let l(h) = -2*h**2 + 9*h + 2. Let c(p) = -p - 8. Let z be c(0). Let i(n) = z*l(n) - 5*v(n). Give i(-3).
14
Suppose 6*p = 59*p + 106. Let v(b) be the first derivative of b**2/2 + 2*b + 4. Give v(p).
0
Let h(s) = 3*s + 27. Let l be h(-8). Let i(r) = 3*r**2 - 3*r - 1. Determine i(l).
17
Let y = 9 - 6. Let o(s) = -132*s**3 + 133*s**3 + s**2 + y*s**2. Determine o(-4).
0
Let g(m) be the third derivative of -13*m**5/60 + m**4/24 + m**3/6 + 2*m**2. Let i = 1172 - 1173. Calculate g(i).
-13
Let f(j) = 4*j**3 - 43*j**2 + j + 41. Let k(a) = -a**3 + 10*a**2 - 10. Let n(b) = -2*f(b) - 9*k(b). Calculate n(4).
0
Let d(z) = -3*z**2 + 2*z - 3. Suppose 8*c = 5*c + 30. Let s = c - 5. Suppose 10 = -5*x - 4*h, 20 - s = 5*x - h. Give d(x).
-11
Let w(x) be the first derivative of x**2/2 - 4*x - 1. Suppose 3*a = -2*o + 27, -3*o + a = 4*a - 36. Suppose l - o*l = -40. Determine w(l).
1
Let v(q) = -q**3 - 9*q**2 - 13*q + 6. Let u be v(-7). Let p(y) = 8*y - 4. Let n(i) = 8*i - 3. Let j(f) = -5*n(f) + 4*p(f). What is j(u)?
7
Let z(c) = -c + 4 + 7 + 6 + 2*c - 30. Suppose 4 + 0 = -4*y. Let r be (-4)/y + (0 - -2). Calculate z(r).
-7
Let u(a) = 8*a + 1. Let x(h) be the second derivative of h**3/6 - 2*h. Let b(l) = 4*u(l) - 36*x(l). Determine b(3).
-8
Let j(l) = l**3 - 8*l**2 + 10*l + 1. Suppose 0 = -2*g + 2, -2*g + g + 22 = 3*b. Determine j(b).
22
Let p(r) = -r**2 - 3*r + 12. Let i = -89 - -83. Determine p(i).
-6
Let y(z) = -2*z + 3. Let x(o) = 3*o**2 + 2*o - 1. Let v be x(-3). Let n = -237 + 242. Suppose -v = -a + n*a. Determine y(a).
13
Suppose -y = -3*v + 10, -2*y + 6*y - 2*v = 0. Suppose y*b + 1 = 3*b. Let j(c) = -c**2 + 0 + 1 + 3*c**2 + 6*c**2. Give j(b).
9
Let d(i) be the first derivative of -3*i**4/4 - i**2/2 + i - 614. What is d(2)?
-25
Let r(g) = -1 - 7 + 11*g - 13*g + 4*g. Give r(4).
0
Let r(b) = -2*b**3 - 5*b**2 - 2*b - 1. Let q be (8/(-5))/